s digit of a?
7
Suppose 6*l = l + 15. Suppose -18 = -d + l*k, d + 3*k = -d + 81. What is the tens digit of d?
3
Let l(i) = -i + 6. Let k be l(-3). Let c(s) = 21*s**2 - 2*s + 1. Let n be c(1). Let y = k + n. What is the tens digit of y?
2
What is the hundreds digit of (-92 + 11 + -2)*-50?
1
Let q = -602 + 1239. What is the units digit of q?
7
Let z(t) = 7*t - 16. Let r be z(5). Let h = r + 62. What is the units digit of h?
1
Suppose 0 = 13*r - 8*r - 15, r = 5*w - 12222. What is the tens digit of w?
4
Suppose -1829 = -4*z - 5*h, 4*z - 1819 = -2*h - h. Suppose 153 + z = 4*f. Suppose -5*n = 5*a - 240, -5*n + f = -2*n - 4*a. What is the tens digit of n?
4
Let z(p) = 269*p**2 + 5*p - 2. What is the tens digit of z(1)?
7
Suppose 0 = -11*w + 5*w + 174. Let z = 256 - w. What is the hundreds digit of z?
2
Suppose 3*u - 5*a - 1215 = 0, -2*u - 23*a = -21*a - 810. What is the tens digit of u?
0
Suppose 0 = -3*l - l - 12. Let a be l - -44 - 1*2. Let j = 63 - a. What is the units digit of j?
4
Suppose 388*y - 391*y + 2*i + 13410 = 0, -y + 4471 = -i. What is the tens digit of y?
6
Let z(b) = -30*b + 258. What is the hundreds digit of z(-23)?
9
Suppose 2*o - 9*o = 14. What is the units digit of 81 + o + (4 - -2)?
5
Let z be (-33 - 2)/5*(1 + 0). What is the units digit of (-1)/z + (-13273)/(-91)?
6
Let r be (3 - -36)*8/12. Suppose -n = -3*u + 10, -4*u - u + 4*n + r = 0. Suppose 4*j + 9 + 3 = 0, -5*j + 37 = u*q. What is the tens digit of q?
2
Suppose 854 = 4*g + 3*n, 2*g + 3*g - 3*n - 1081 = 0. What is the hundreds digit of g?
2
Let x(m) = m**2. Let s(c) = 2*c**2 - 17*c - 42. Let z(r) = -s(r) + 3*x(r). What is the units digit of z(-18)?
0
Let m = -298 + 578. What is the units digit of m?
0
Let g be 3*(0 - 1) - -6. Suppose 0*d + 3*b = -d + 37, 0 = g*d + 5*b - 99. Suppose -r + 5*r - d = 0. What is the units digit of r?
7
Suppose -28 = -10*q + 32. What is the hundreds digit of ((-172)/10)/(q/(-60))?
1
Suppose -4*a + 2 = -18. Suppose 0 = -5*g - t - 38, -a*g - 4*t - 23 = 9. Let p(r) = -6*r + 14. What is the units digit of p(g)?
2
Let d(r) = -47*r + 47. Let t be d(-13). Suppose -3*z - n = -504, -n + 180 + t = 5*z. What is the units digit of z?
7
Let g(k) = -k**2 - 7*k. Let m be g(-7). Suppose 5*d - 6 + 1 = m. Suppose d = w - 33. What is the tens digit of w?
3
Suppose -z - 13 = 5*a, 20 = 5*z - 8*z + 4*a. Let p = 56 + z. What is the tens digit of p?
4
What is the units digit of 1*-1061*((-255)/(-5))/(-17)?
3
Suppose 0*x - 10 = -2*x. Suppose -91 = -3*k + x. What is the tens digit of k?
3
Suppose -5*k + k - 13 = -5*s, -s + 18 = -3*k. Let g(q) = -3*q - 4. Let p be g(k). Suppose -2*i + p = -51. What is the tens digit of i?
3
Let v = 241 - 259. Suppose -2*a = -a + 23. Let x = v - a. What is the units digit of x?
5
Suppose -4*c - 12 = 0, 0 = p - c + 2*c - 886. What is the tens digit of p?
8
Suppose 42*u + 2685 = 43*u - 5*j, 5337 = 2*u + j. What is the hundreds digit of u?
6
Suppose 5*z - 6422 + 457 = 5*b, 0 = -5*z - 5*b + 5945. What is the thousands digit of z?
1
Let z(i) = i**3 - 3*i**2 - i. Let u = 9 + -6. Let n be z(u). Let p = 0 - n. What is the units digit of p?
3
Let q(v) = -v**2 - 3*v + 14. Suppose -1 + 9 = s. Let k be q(s). Let w = -44 - k. What is the tens digit of w?
3
Suppose -2*o - 7591 = -5*h, 4*h - 8*h = -5*o - 6066. What is the tens digit of h?
1
Suppose 1390 = 5*w + 2*k, 0*k - 3*k = 4*w - 1112. What is the hundreds digit of w?
2
Suppose 4*n - 4151 = -5*k - 0*k, k = -3*n + 828. What is the hundreds digit of k?
8
Let i(l) = -10 + 26*l + 11 + 32 - l**2. What is the hundreds digit of i(20)?
1
Suppose -j = 4*g - 5*g - 8, -3*j = 4*g - 3. Suppose -j*m = -8*m + 267. What is the units digit of m?
9
Suppose 3*y = 0, 2*s + y = -2*s + 6288. What is the units digit of s?
2
Let u be 18*(0 - (1 - 0)). Let x = u - -24. Suppose 5 = 3*g + 4*f - x, 26 = 5*g - f. What is the units digit of g?
5
Let r(t) = 4*t**2 + 4*t - 14. Let u(w) = w**3 - 6*w**2 - 4*w - 17. Let z be u(7). What is the tens digit of r(z)?
6
Suppose a - w - 12 = 0, w + 20 = -4*w. Let j(c) = 12*c - 16. What is the tens digit of j(a)?
8
Let h = 1314 + -782. What is the hundreds digit of h?
5
Let t be (-1)/((-3)/(-2)) - (-9730)/15. Suppose 165 = 3*r - t. What is the hundreds digit of r?
2
Let y = 10 + -85. Let o = y - -133. What is the tens digit of o?
5
Let n be 2 - (1 - 1) - 10/(-5). Suppose -115 = -n*c + f + 4*f, 0 = 3*c - f - 100. What is the tens digit of c?
3
Let r be -2 + 24/9 - 13/(-3). What is the tens digit of 176/5 + r/(-25)?
3
Suppose -597*p + 579*p = -30690. What is the tens digit of p?
0
Let m(l) = -l**3 - 10*l**2 - 8*l + 12. Let x be m(-9). Suppose 4*v = -5*i - 26, -5*i + x*v = -i + 27. What is the units digit of (-16)/i*(2 - -1)?
8
Let z = 941 - 564. What is the hundreds digit of z?
3
Suppose 0 = 7*x - 51450 + 13048. What is the units digit of x?
6
Let c(t) = -t**2 + 56*t - 133. What is the units digit of c(27)?
0
Let i = 12 - -5. Let u = i - 18. What is the units digit of ((-88)/16)/(u/10)?
5
Let s(b) = 9*b - 3*b - b + 8 + 2*b**3 + 4*b - 7*b**2. What is the hundreds digit of s(6)?
2
Suppose 0*l + 3*l - 15 = 0. Suppose 3*h + 3 = -12, 0 = -l*g + h + 45. What is the units digit of (g/4 - 12)/(-1)?
0
Let t = -73 - -77. What is the units digit of t?
4
Let o = 118 + -6. Suppose -9*p + 11*p = o. What is the tens digit of p?
5
Suppose -2953 - 1359 = -4*b. What is the thousands digit of b?
1
Let z(l) = l + 23. Let f be z(-13). What is the units digit of ((-8)/f)/((-4)/710)?
2
Let y(i) = 35*i - 263. What is the units digit of y(15)?
2
Let i be (-24)/48 - 14/4. Let b(h) = -8*h + 0 + 2 - 8. What is the tens digit of b(i)?
2
Let k be (4/(-16)*0)/(-1). Let y = 78 - k. What is the units digit of y?
8
Let v = 19 + 29. Suppose 10*x - v = 2*x. What is the units digit of x?
6
Let g = 713 + -102. What is the tens digit of g?
1
Suppose 2*b + 6 = 2*w, 4*b - 2*w = -16 + 2. Let h(q) = 6*q - 38. Let j be h(8). What is the units digit of (-90)/b + j/20?
3
Let f(s) = -6*s - 3 + 3*s + 4*s - 3. Let d be f(6). Let u = 18 + d. What is the tens digit of u?
1
Suppose 61 = 10*p - 14779. What is the tens digit of p?
8
Let x(c) = 322*c**2 - 2*c - 28. What is the units digit of x(-3)?
6
Let i = -30 - -26. Let s be 2 - (-8)/(i/(-1)). What is the units digit of -27*((-26)/6 + s)?
9
Let o(k) be the first derivative of -6 + 11/2*k**2 + 2*k. What is the units digit of o(2)?
4
Let c = -238 - -269. What is the units digit of c?
1
Suppose 44 = 8*j + 12. Suppose -5*t = 2*c - 1156, -2*c = 4*t - j*c - 914. What is the hundreds digit of t?
2
What is the hundreds digit of 2/(-5) + 0 + 381297/105?
6
Let n(i) = i + 35. Suppose -8 = 6*x - 44. Suppose 4 + x = -g. What is the units digit of n(g)?
5
Let h(y) be the third derivative of y**5/40 - y**4/2 - 2*y**3/3 + 9*y**2. Let k(b) be the first derivative of h(b). What is the units digit of k(11)?
1
Suppose 5*r + 2*w - 625 = 0, -25*w + 23*w = r - 133. What is the hundreds digit of r?
1
Let k = 1 + 2. Suppose z - k = -15. Let t = -8 - z. What is the units digit of t?
4
Let f(d) = d**2 + 8*d - 9. Let r be f(-8). Let k(y) = 2*y**2 + 9*y - 21. What is the units digit of k(r)?
0
Let s = 965 - 480. What is the tens digit of s?
8
Let u = 2083 + -992. What is the tens digit of u?
9
Let f = 2866 + -1611. What is the tens digit of f?
5
Let b(a) = -2*a**3 + 23*a**2 - 27*a + 37. Let w(y) = y**3 - 11*y**2 + 13*y - 18. Let o(d) = 2*b(d) + 5*w(d). What is the tens digit of o(9)?
8
Let q(x) = -2*x**3 + 5*x**2 + 3*x + 4. Let k = 9 - 5. Let j be q(k). What is the units digit of (-104)/j + (-2)/8?
3
Let v be (2 - (-4)/2)*(-6)/(-4). What is the units digit of -6*(-10)/8*v?
5
Let c = 59 - 13. Suppose -3*n - 62 = c. What is the tens digit of (128/6)/((-24)/n)?
3
Let a = -9 + -4. Let w = -11 - a. Suppose -15 = -w*j + 39. What is the tens digit of j?
2
Suppose h + 135 = 2*j - 37, 93 = j - 4*h. Suppose 8*w = 9*w - j. Suppose g = 5*f - 127, w = 5*f - 2*f - 5*g. What is the units digit of f?
5
Let v be ((-8)/(-18))/(68/306). Suppose 0 = 4*x + 3*f - 5, -4*f + 4 = 5*x - x. Suppose x*m + 2*u - 4 = 4*u, v*m = -u + 16. What is the units digit of m?
6
Let q(y) = -2*y + 15. Let h be q(7). Let m(c) = 5*c**2 + 2*c + 2. Let p be m(-2). Suppose -n + p = 5*a - h, -4*n = a. What is the units digit of a?
4
What is the hundreds digit of ((-5